4561?
False
Is 277 a factor of 3428152?
True
Does 7 divide 55590?
False
Does 92 divide 601128?
True
Is 7182375 a multiple of 17?
False
Is 884884 a multiple of 228?
False
Does 10 divide 2520790?
True
Does 84 divide 4731109?
False
Is 8 a factor of 201952?
True
Is 88771 a multiple of 5?
False
Does 45 divide 561092?
False
Is 8928 a multiple of 9?
True
Is 10863698 a multiple of 15?
False
Is 2590769 a multiple of 160?
False
Is 6 a factor of 83264?
False
Is 201 a factor of 2830393?
False
Does 16 divide 131445?
False
Is 19 a factor of 7246942?
True
Is 61 a factor of 152261?
False
Is 10 a factor of 22170?
True
Does 9 divide 38129?
False
Is 2095385 a multiple of 195?
False
Is 34 a factor of 3746256?
True
Is 7 a factor of 459353?
False
Does 42 divide 4129339?
False
Does 618 divide 1290022?
False
Is 204984 a multiple of 13?
True
Is 58 a factor of 4492994?
False
Is 154 a factor of 63545?
False
Does 1463 divide 5562326?
True
Is 16 a factor of 433711?
False
Is 311805 a multiple of 15?
True
Is 54 a factor of 594825?
False
Does 136 divide 904592?
False
Is 88730 a multiple of 467?
True
Does 20 divide 1129280?
True
Is 327045 a multiple of 523?
False
Is 8 a factor of 1449368?
True
Is 9 a factor of 781150?
False
Is 600 a factor of 19352401?
False
Does 33 divide 777975?
True
Is 30 a factor of 31580?
False
Is 402 a factor of 142308?
True
Is 112 a factor of 142688?
True
Is 9 a factor of 22572?
True
Is 66 a factor of 2900618?
False
Is 82810 a multiple of 130?
True
Is 5314513 a multiple of 354?
False
Is 7564379 a multiple of 301?
False
Does 1504 divide 6671744?
True
Is 17 a factor of 518364?
True
Is 2 a factor of 77573?
False
Does 48 divide 486738?
False
Is 7431140 a multiple of 569?
True
Is 43 a factor of 744344?
False
Is 6 a factor of 6907794?
True
Does 58 divide 227893?
False
Is 88903 a multiple of 114?
False
Is 116970 a multiple of 7?
True
Does 457 divide 13710742?
False
Does 393 divide 57378?
True
Is 45 a factor of 224913?
False
Is 49105 a multiple of 2?
False
Is 4662 a multiple of 7?
True
Is 47 a factor of 15640680?
False
Is 2649894 a multiple of 57?
False
Does 304 divide 464512?
True
Does 49 divide 69719?
False
Is 9396093 a multiple of 123?
True
Is 4 a factor of 3063436?
True
Does 20 divide 94245?
False
Does 82 divide 6314?
True
Is 74870 a multiple of 23?
False
Does 5 divide 10080?
True
Is 509 a factor of 8335384?
True
Is 251 a factor of 157056?
False
Is 16 a factor of 19873?
False
Is 73103 a multiple of 475?
False
Is 80071 a multiple of 3?
False
Does 1175 divide 3829906?
False
Does 9 divide 10599?
False
Does 820 divide 1379240?
True
Is 32 a factor of 2840986?
False
Is 2553361 a multiple of 10?
False
Is 2218549 a multiple of 76?
False
Is 11 a factor of 33240?
False
Is 4086828 a multiple of 116?
False
Does 50 divide 3469750?
True
Is 372341 a multiple of 5?
False
Is 130395 a multiple of 24?
False
Is 65 a factor of 3511472?
False
Is 845250 a multiple of 35?
True
Is 12348215 a multiple of 73?
False
Is 292625 a multiple of 25?
True
Is 8852851 a multiple of 84?
False
Is 3524537 a multiple of 1314?
False
Does 19 divide 12849?
False
Does 149 divide 2682?
True
Is 39 a factor of 1134581?
False
Is 3084220 a multiple of 33?
False
Is 30 a factor of 415050?
True
Is 8 a factor of 6039636?
False
Is 265364 a multiple of 652?
True
Is 21007787 a multiple of 16?
False
Is 51288 a multiple of 4?
True
Is 94 a factor of 5317298?
True
Does 315 divide 7252701?
False
Does 17 divide 1942284?
True
Is 1301702 a multiple of 3?
False
Is 79 a factor of 166532?
True
Does 2008 divide 15280880?
True
Does 318 divide 6035602?
False
Is 32 a factor of 2184787?
False
Is 1434993 a multiple of 69?
True
Is 22 a factor of 244560?
False
Is 21 a factor of 58989?
True
Does 28 divide 7855837?
False
Is 111 a factor of 404262?
True
Does 41 divide 1224260?
True
Is 676 a factor of 464635?
False
Does 4 divide 3427379?
False
Is 396 a factor of 123890?
False
Is 74 a factor of 32044?
False
Does 1057 divide 15835974?
True
Is 1096788 a multiple of 7?
True
Is 181970 a multiple of 1174?
True
Is 34493 a multiple of 3?
False
Does 25 divide 2957475?
True
Does 12 divide 258673?
False
Is 121 a factor of 140324?
False
Is 939367 a multiple of 851?
False
Is 897 a factor of 169525?
False
Is 2619148 a multiple of 322?
True
Does 164 divide 2446052?
False
Does 76 divide 677312?
True
Is 837 a factor of 1647216?
True
Is 16 a factor of 27952?
True
Does 26 divide 2936085?
False
Does 3 divide 135594?
True
Does 134 divide 104672?
False
Is 4247739 a multiple of 51?
True
Is 7 a factor of 1289765?
False
Is 29959 a multiple of 5?
False
Is 521157 a multiple of 273?
True
Is 231464 a multiple of 31?
False
Is 45 a factor of 633285?
True
Is 150 a factor of 350250?
True
Is 104 a factor of 739705?
False
Is 1740625 a multiple of 274?
False
Is 794 a factor of 562902?
False
Does 876 divide 6350533?
False
Is 28215 a multiple of 165?
True
Is 1283507 a multiple of 16?
False
Does 161 divide 2627476?
False
Does 573 divide 640041?
True
Is 4 a factor of 79606?
False
Is 110 a factor of 104384?
False
Is 4713312 a multiple of 464?
True
Is 35 a factor of 1517075?
True
Does 60 divide 1987650?
False
Is 40515 a multiple of 15?
True
Is 62712 a multiple of 26?
True
Is 11 a factor of 739134?
True
Is 3756845 a multiple of 18?
False
Is 87 a factor of 3475393?
False
Is 3231496 a multiple of 68?
True
Is 1287798 a multiple of 288?
False
Is 511 a factor of 7417676?
True
Is 373 a factor of 2934085?
False
Is 59761 a multiple of 287?
False
Is 371442 a multiple of 186?
True
Does 21 divide 185346?
True
Is 1013131 a multiple of 7?
True
Is 1969638 a multiple of 14?
False
Is 93332 a multiple of 7?
False
Is 3343856 a multiple of 56?
False
Does 46 divide 218586?
False
Is 31 a factor of 82150?
True
Is 15439842 a multiple of 417?
True
Does 127 divide 23004?
False
Is 41161 a multiple of 2?
False
Is 250842 a multiple of 137?
False
Is 1241640 a multiple of 200?
False
Does 261 divide 16182?
True
Does 59 divide 281725?
True
Is 54 a factor of 192132?
True
Is 8 a factor of 1190992?
True
Does 11 divide 10055529?
True
Is 8 a factor of 122079?
False
Does 207 divide 933390?
False
Is 83 a factor of 89609?
False
Is 1530673 a multiple of 1091?
True
Is 21306 a multiple of 75?
False
Is 259 a factor of 492289?
False
Is 269 a factor of 2244593?
False
Is 143 a factor of 50156?
False
Is 1034855 a multiple of 695?
True
Is 31 a factor of 4552567?
True
Is 11692356 a multiple of 39?
True
Is 1267065 a multiple of 9?
True
Is 4251860 a multiple of 20?
True
Is 2782414 a multiple of 7?
False
Does 16 divide 1099088?
True
Does 11 divide 175252?
True
Is 381941 a multiple of 27?
False
Does 8 divide 19736?
True
Is 9 a factor of 34011?
True
Does 3 divide 215182?
False
Does 361 divide 1333812?
False
Is 4353626 a multiple of 60?
False
Is 65576 a multiple of 7?
True
Is 4061852 a multiple of 421?
False
Is 108 a factor of 429257?
False
Does 4 divide 730845?
False
Is 16 a factor of 13820257?
False
Does 75 divide 1744275?
True
Does 11 divide 15214298?
True
Does 10 divide 9710080?
True
Does 84 divide 235644?
False
Is 47 a factor of 45728?
False
Is 18097163 a multiple of 38?
False
Is 1789746 a multiple of 746?
False
Does 7 divide 321671?
True
Is 23 a factor of 73224?
False
Is 31620 a multiple of 124?
True
Is 274 a factor of 491830?
True
Does 127 divide 567671?
False
Does 943 divide 21419895?
False
Is 30 a factor of 6405510?
True
Does 23 divide 185587?
True
Does 38 divide 1062772?
False
Is 13210176 a multiple of 32?
True
Does 119 divide 6467650?
True
Is 42 a factor of 346374?
True
Does 13 divide 1186861?
True
Does 663 divide 183896?
False
Does 222 divide 394938?
True
Does 3 divide 35598?
True
Is 100 a factor of 2928000?
True
Does 81 divide 45461?
False
Is 34 a factor of 163030?
True
Is 135808 a multiple of 67?
False
Is 294 a factor of 665028?
True
Is 12801960 a multiple of 90?
True
Is 575664 a multiple of 134?
True
Does 181 divide 1190156?
False
Is 857069 a multiple of 12?
False
Does 260 divide 838760?
True
Does 70 divide 15654407?
False
Is 44 a factor of 5123237?
False
Is 664 a factor of 572116?
False
Is 281160 a multiple of 5?
True
Does 3 divide 3349275?
True
Is 87672 a multiple of 48?
False
Does 21 divide 238665?
True
Does 13 divide 148375?
False
Does 695 divide 1310662?
False
Is 1385911 a multiple of 2?
False
Is 227 a fact